{"id":82,"date":"2021-10-04T10:49:56","date_gmt":"2021-10-04T10:49:56","guid":{"rendered":"https:\/\/www.fornminnesgarden.se\/?page_id=82"},"modified":"2026-01-19T19:39:18","modified_gmt":"2026-01-19T19:39:18","slug":"historia","status":"publish","type":"page","link":"https:\/\/www.fornminnesgarden.se\/index.php\/historia\/","title":{"rendered":"Historia"},"content":{"rendered":"\n<p class=\"has-text-color\" style=\"color:#222222\">1911 bj\u00f6d snickarm\u00e4stare Anders Kristell in regementspastor Hans Nilsson och skr\u00e4dderim\u00e4stare Aug. W. Gustafson f\u00f6r att diskutera bildandet av en fornminnesf\u00f6rening i Eksj\u00f6. Till trion ansl\u00f6t sig redakt\u00f6r Axel Jonsson och bankdirekt\u00f6r Nils Bersselius. F\u00f6reningens f\u00f6rsta protokoll \u00e4r daterat den 21 oktober 1911, d\u00e5 Hans Nilsson valdes till ordf\u00f6rande. En m\u00e5nad senare h\u00f6lls ett allm\u00e4nt m\u00f6te i R\u00e5dhussalen. D\u00e5 beslutades att hyra ett rum i Vaxblekareg\u00e5rden f\u00f6r att f\u00f6rvara samlingarna. Det f\u00f6rsta \u00e5rsm\u00f6tet h\u00f6lls i februari 1912, d\u00e5 namnet Eksj\u00f6 och Vedbo Fornminnesf\u00f6rening fastst\u00e4lldes. Samma \u00e5r deltog f\u00f6reningen i Eksj\u00f6utst\u00e4llningen.<\/p>\n\n\n\n<p class=\"has-text-color\" style=\"color:#222222\">I januari 1915 flyttades samlingarna, som \u00e4nnu ej var tillg\u00e4ngliga f\u00f6r allm\u00e4nheten, till ett rum i gamla l\u00e4roverket. Fram till \u00e5r 1924 f\u00f6rde f\u00f6reningen en ganska anonym tillvaro, men man var noga med att varje \u00e5r genomf\u00f6ra ett \u00e5rsm\u00f6te.<\/p>\n\n\n\n<p class=\"has-text-color\" style=\"color:#222222\">\u00c5r 1924 valdes borgm\u00e4staren Ludvig Eur\u00e9n till ordf\u00f6rande. Samma \u00e5r tog f\u00f6reningen det dj\u00e4rva beslutet att f\u00f6rv\u00e4rva den s.k. Sundholmska g\u00e5rden i kv. Kopparslagaren 2 i Eksj\u00f6, f\u00f6r 12 800 kronor. D\u00e4refter fick fastigheten sitt nuvarande namn Fornminnesg\u00e5rden. Samma \u00e5r valdes fr\u00f6ken Signe Aschan till intendent f\u00f6r Fornminnesg\u00e5rden. Hon uppr\u00e4tth\u00f6ll den befattningen t.o.m. \u00e5r 1944, d\u00e5 hon eftertr\u00e4ddes av folkskoll\u00e4raren F.A. Svalander. 1927 bes\u00f6kte kronprins Gustaf Adolf Forrnminnesg\u00e5rden och tittade p\u00e5 samlingarna.<\/p>\n\n\n\n<p class=\"has-text-color\" style=\"color:#222222\">Under Eksj\u00f6s jubileums\u00e5r 1938 var rektor Johan Nilsson ordf\u00f6rande i tre viktiga instanser: stadsfullm\u00e4ktige, utst\u00e4llningsbestyrelsen och &#8211; v\u00e5r f\u00f6rening! 1954 inregistrerades Fornminnesg\u00e5rden som m\u00e4rklig kulturhistorisk byggnad. Genom g\u00e5vobrev \u00f6verl\u00e4ts g\u00e5rden samma \u00e5r till Eksj\u00f6 stad, men v\u00e5r f\u00f6rening disponerar \u00f6ver fastigheten f\u00f6r v\u00e5rd av samlingarna.<\/p>\n\n\n\n<p class=\"has-text-color\" style=\"color:#222222\">1971 kompletterades f\u00f6reningens samlingar med en donation av cyklar, motorcyklar, m.m. fr\u00e5n J A Karlssons tillverkning i Johanshem, Eksj\u00f6. Samlingen finns nu till besk\u00e5dande i det gamla stallet, som f\u00f6ljdriktigt d\u00f6pts om till Cykelstallet. I intilliggande utrymme fick sedan 1990 ett bokbinderi.<\/p>\n\n\n\n<p class=\"has-text-color\" style=\"color:#222222\">2011 firade v\u00e5r f\u00f6rening 100-\u00e5rsjubileum.<\/p>\n\n\n\n<figure class=\"wp-block-table\"><table class=\"has-text-color\" style=\"color:#222222\"><tbody><tr><th>V\u00e5ra ordf\u00f6rande:<\/th><th>\u00c5r:<\/th><\/tr><tr><td>Hans Nilsson<\/td><td>1911 &#8211; 1922<\/td><\/tr><tr><td>Anders Andersson<\/td><td>1922 &#8211; 1924<\/td><\/tr><tr><td>Ludvig Eur\u00e9n<\/td><td>1924 &#8211; 1936<\/td><\/tr><tr><td>Johan Nilsson<\/td><td>1937 &#8211; 1953<\/td><\/tr><tr><td>Harald Ess\u00e9n<\/td><td>1953 &#8211; 1957<\/td><\/tr><tr><td>Einar Karl\u00e9n<\/td><td>1957 &#8211; 1969<\/td><\/tr><tr><td>Arthur Nyhl\u00e9n<\/td><td>1969 &#8211; 1977<\/td><\/tr><tr><td>Torsten Sundkrans<\/td><td>1977 &#8211; 1982<\/td><\/tr><tr><td>Kenneth J\u00e4gsander<\/td><td>1982 &#8211; 2003<\/td><\/tr><tr><td>Birgitta Ullman<\/td><td>2003 &#8211; 2012<\/td><\/tr><tr><td>Kurt Eric Carlsson<\/td><td>2013 &#8211; 2015<\/td><\/tr><tr><td>Bodil Ekvall<br>Arne Ullman<\/td><td>2016 -2020<br>2021 &#8211;<\/td><\/tr><\/tbody><\/table><\/figure>\n\n\n\n<p class=\"has-text-color\" id=\"edit\" style=\"color:#222222\">Editerad av: (2026-01-19 20:38:00)<\/p>\n","protected":false},"excerpt":{"rendered":"<p>1911 bj\u00f6d snickarm\u00e4stare Anders Kristell in regementspastor Hans Nilsson och skr\u00e4dderim\u00e4stare Aug. W. Gustafson f\u00f6r att diskutera bildandet av en [&hellip;]<\/p>\n","protected":false},"author":2,"featured_media":0,"parent":0,"menu_order":0,"comment_status":"closed","ping_status":"closed","template":"","meta":{"footnotes":""},"class_list":["post-82","page","type-page","status-publish","hentry"],"_links":{"self":[{"href":"https:\/\/www.fornminnesgarden.se\/index.php\/wp-json\/wp\/v2\/pages\/82","targetHints":{"allow":["GET"]}}],"collection":[{"href":"https:\/\/www.fornminnesgarden.se\/index.php\/wp-json\/wp\/v2\/pages"}],"about":[{"href":"https:\/\/www.fornminnesgarden.se\/index.php\/wp-json\/wp\/v2\/types\/page"}],"author":[{"embeddable":true,"href":"https:\/\/www.fornminnesgarden.se\/index.php\/wp-json\/wp\/v2\/users\/2"}],"replies":[{"embeddable":true,"href":"https:\/\/www.fornminnesgarden.se\/index.php\/wp-json\/wp\/v2\/comments?post=82"}],"version-history":[{"count":6,"href":"https:\/\/www.fornminnesgarden.se\/index.php\/wp-json\/wp\/v2\/pages\/82\/revisions"}],"predecessor-version":[{"id":323,"href":"https:\/\/www.fornminnesgarden.se\/index.php\/wp-json\/wp\/v2\/pages\/82\/revisions\/323"}],"wp:attachment":[{"href":"https:\/\/www.fornminnesgarden.se\/index.php\/wp-json\/wp\/v2\/media?parent=82"}],"curies":[{"name":"wp","href":"https:\/\/api.w.org\/{rel}","templated":true}]}}